 = z*w. List the prime factors of w.
3, 5, 37
Let k = -35 - -47. Suppose -8*p - 20 = -k*p. Suppose -p*o - 41 + 1336 = 0. List the prime factors of o.
7, 37
Suppose -3*y - 674 = -n, -2781 = -5*n + y + 519. Suppose 4*s + z = n, -333 = -2*s + 3*z - 0*z. List the prime factors of s.
3, 5, 11
Suppose -91*s + 94*s - 5*v = 41786, -v = s - 13934. List the prime factors of s.
2, 3, 43
Suppose -72*j = -76*j + 72. What are the prime factors of 3/(j/(-1036)*6/(-18))?
2, 7, 37
Suppose -g + 4*f = -138, 484 = -4*g + 7*g + 2*f. Suppose -3*b - 2*d + 779 = 0, b + d - 103 = g. What are the prime factors of b?
257
Let g(y) = 11*y**2 - 222*y - 54. What are the prime factors of g(47)?
7, 1973
Let u = 53262 - 20107. List the prime factors of u.
5, 19, 349
Let z(f) = 70*f - 67. Let d be z(7). Suppose -n + d = -94. List the prime factors of n.
11, 47
Let g = 23 - 22. Let v(y) = -284*y**2 + y - 2. Let t be v(g). What are the prime factors of 4/38 - 8805/t?
31
Suppose -4*x + 3*x + 3 = 0. Let b be (((-3)/4)/1)/(x/(-8)). Suppose 0*n - 120 = -o + 2*n, 0 = -4*o - b*n + 460. List the prime factors of o.
2, 29
Let z be (7 + -8)/(1/(-3)). Suppose 5*f - 1376 = b, z*f - 4*b = -0*b + 829. What are the prime factors of f?
5, 11
List the prime factors of 12366824/736 - (-63)/(-28)*1/3.
2, 31, 271
Suppose 467*s + 12149994 = 44900237. List the prime factors of s.
19, 3691
Suppose 3182 = o - 2189. List the prime factors of o.
41, 131
Let a = 4 + -2. Suppose 4*l = -5*n + 897, 2*l - 3*n - 471 = a*n. List the prime factors of l.
2, 3, 19
Let t(s) = -5*s - 10*s - 23 + 2*s. Let c(g) = 40*g + 70. Let n(a) = -5*c(a) - 16*t(a). List the prime factors of n(12).
2, 3, 19
Suppose -2*a + 2202 + 878 = -4*h, 3*h = 9. List the prime factors of a.
2, 773
Let j = -15 + 47. Suppose 0*v - 5*v + 30 = 0. Suppose -v = 3*w, 3*d + 5*w = 42 + j. What are the prime factors of d?
2, 7
What are the prime factors of (125/500)/(1/17092)?
4273
Let d(f) = 12*f**2 + 313*f - 289. What are the prime factors of d(-54)?
7, 2543
Let f(y) = -y**2 - 7*y - 15. Let w be f(-6). Let b be (2 - 1)/(w/18) + 6. Suppose -6*r + 176 = -b*r. What are the prime factors of r?
2, 11
Suppose t - 788 = 5*d, -120 = d + t + 34. Let w = 356 + d. What are the prime factors of w?
199
Suppose 0 = -q + 4*q. Suppose 2*x + 2*d = -q*d - 58, 25 = -5*d. List the prime factors of -1 + 2 - -69*x/(-18).
3, 31
Let k = -8914 + 45495. What are the prime factors of k?
157, 233
Suppose 0 = -3*q - 134 + 149. Suppose -q*u = 3*p - 602, 0 = -p - 2*p + u + 632. List the prime factors of p.
11, 19
Let y be -54*(2/2 + 2). Let b(f) = 212*f + 1668. Let c be b(-9). Let d = y - c. List the prime factors of d.
2, 3, 13
Suppose 789656 = 20*p + 18*p + 80*p. List the prime factors of p.
2, 7, 239
Let r be (-3)/9 + (-157)/(-3). Let h = -155 - -445. Suppose 2*j + r = h. What are the prime factors of j?
7, 17
Let b(v) = -219*v**3 - 2*v**2 + 1. Let u be b(1). Let p be 2/(-6)*(u + -2). Let a = 120 - p. List the prime factors of a.
2, 23
Let s be -4*2/(-52) + 61278/26. Suppose 0 = -15*w + s + 2203. What are the prime factors of w?
2, 19
Suppose -6*f + 2*j = -115226, 15*j - 16*j + 57617 = 3*f. List the prime factors of f.
5, 23, 167
Suppose 0 = -9*m + 109 + 17. Suppose -3*i - 9 = -0*i, -4*i - m = -b. List the prime factors of (-942)/(-18) - b/(-3).
53
Suppose -10*d - 964 - 3006 = 0. Let o = 567 + d. List the prime factors of o.
2, 5, 17
Suppose -2*x - 8 = 2*h, 11 - 4 = -3*h - 2*x. Let k be (3 - 3)*h/(-3). Suppose k = r - 3 - 48. List the prime factors of r.
3, 17
Let a(y) = 582*y + 983. List the prime factors of a(5).
17, 229
Suppose -112 = -10*a + 128. Suppose -19*r = -a*r + 2800. What are the prime factors of r?
2, 5, 7
Suppose -4*a - 23 = -5*u, 7 = 4*u - u + a. Suppose -3*k = -3*b + 18, b + u*k = -4*b - 10. List the prime factors of 6/b*5/(60/92).
2, 23
Suppose -s - 2928 = 60*s. Let f = -3 + 5. Let j = f - s. What are the prime factors of j?
2, 5
Let w(z) = 5*z**3 + 505*z**2 + 152*z - 291. What are the prime factors of w(-99)?
3, 17, 1621
Let g(h) = 8*h + 51. Let q be g(-6). Suppose -l + 184 = n, 3*l - q*n + 14 = 584. What are the prime factors of l?
11, 17
Let r be -10 + -15*1/(-3). What are the prime factors of (-3)/1 - (1363 - -2)/r?
2, 3, 5
Suppose 7*i + 10 = 12*i. Suppose 4*n - 5*n + 2*l + 323 = 0, n = -i*l + 303. Let t = -209 + n. List the prime factors of t.
2, 13
Let c(k) = -2*k**3 + 43*k**2 + 35*k + 51. What are the prime factors of c(-18)?
3, 31, 269
Let s(t) = 36*t - 52. Let k(b) = -24*b + 35. Suppose -14 = -13*c + 51. Let h(j) = c*s(j) + 8*k(j). What are the prime factors of h(-6)?
2, 23
Suppose -3*c + 26596 = 2*q, 3*c + q - 495 - 26099 = 0. List the prime factors of c.
2, 277
Let t = 365 - 357. Let g(a) = 3*a**3 - 12*a**2 + 16*a + 1. What are the prime factors of g(t)?
3, 13, 23
Suppose -4 = -3*a - 10, y + 5*a - 224 = 0. Let x be (-7)/14 - y/(-4). Let w = x + -4. List the prime factors of w.
2, 3
Let t = 0 + 4. Suppose 4*g - t = p - 3*p, -3*p = 0. List the prime factors of 73*(3 - (g - (3 + -4))).
73
Let l(m) = -2*m**3 + 22*m**2 + 17*m - 41. Let z(g) = -3*g**2 + g - 1. Let a(b) = -l(b) - 3*z(b). What are the prime factors of a(12)?
2, 347
Let b(x) = -201 + 24*x + 401 - 233. Suppose 0 = -3*t - 12, 2*p + 9 = 3*p - t. List the prime factors of b(p).
3, 29
List the prime factors of 0 - (-2755572)/84 - (-21)/(-49).
2, 59, 139
Suppose -20 = -3*y - 8. Let c be (6/y)/(6/4). What are the prime factors of (6/c)/(2/17)?
3, 17
Let q be 298/5 - 18/30. Let y = q - 59. List the prime factors of (-109 + y)*(1 + -2).
109
Suppose -5*x + 4*x - 5*y = -25, 0 = 4*y - 16. Let l be (7/(-14))/((-5)/50). Suppose -2*z + 5*h = -l*z + 43, 57 = x*z + h. What are the prime factors of z?
11
Let j(l) = 23*l**2 + 98*l + 54. Let a be j(8). Let m be 12/9*30/4. Suppose 0*x = -m*x + a. What are the prime factors of x?
3, 7, 11
Let y(r) = -5*r**3 - 3*r**2 + 3*r - 7. Suppose 5*v = -3*h - 31, -v - 3*h - 2*h = 15. List the prime factors of y(v).
2, 3, 11
Let n(a) = -a**3 - 7*a**2 + 7*a - 4. Let t be n(-8). Suppose t*h = -h + 1665. List the prime factors of h.
3, 37
Suppose -21541 = -3*m - 5*j, 26*m - 3*j = 29*m - 21543. What are the prime factors of m?
2, 3, 7, 19
Let v(w) = -5*w**2 + 218*w + 88. What are the prime factors of v(39)?
5, 197
List the prime factors of (-69184)/(-69)*(3 + 0/(-3)).
2, 47
What are the prime factors of (74229 - 5)/4 + -11 + 3?
2, 4637
What are the prime factors of (-2 + (-57)/(-45))*-15803 + (-118)/(-885)?
3, 3863
Let r = -180699 - -256311. What are the prime factors of r?
2, 3, 6301
Let c be ((-133)/28 - -4)*(-40)/6. Suppose 0 = -c*v + 2*u + 1887, u + 753 = 2*v + 2*u. List the prime factors of v.
13, 29
Let r = 787 - -2280. What are the prime factors of r?
3067
Let w(z) = -10*z - 26. Suppose m = -28 + 16. Let q = m + -9. List the prime factors of w(q).
2, 23
Suppose 0*a + 465 = -3*a. Let y = a - -386. List the prime factors of (-1)/(-1 + y/234).
2, 3, 13
What are the prime factors of 12/30*44985 - -15?
3, 23, 29
List the prime factors of 24/(8636/(-960) - -9).
2, 3, 5
Let d = 1 - -9. Suppose 30 + d = 4*i. What are the prime factors of (-170)/8*(6 - i) - 0?
5, 17
Let p = 31837 - 20758. List the prime factors of p.
3, 1231
Suppose -t = 3*l - 4257, 291 = t - 5*l - 4006. Suppose -4*v + 3*y + t = 0, v - 2*y = 3*v - 2150. List the prime factors of v.
3, 7, 17
Let t(x) = -x**3 - 2*x**2 + x + 1. Let a be t(-2). Let q be (0 - -3)*a - 765/(-3). Suppose -17*z + q = -14*z. What are the prime factors of z?
2, 3, 7
Let w = 4917 - 1670. What are the prime factors of w?
17, 191
Let f = -324 - -237. Let j = f + 260. List the prime factors of j.
173
Let r(h) = -28*h + 3. Suppose -5*l = -5 - 0. Let b be (0 - -2)*-2 + 1 + l. What are the prime factors of r(b)?
59
List the prime factors of (-3)/(35764/(-2384) - -15).
2, 3, 149
Let m(x) = -x**3 + 4*x**2 - x - 3. Let l be m(3). Suppose -l*c + 5*c = 68. Let u = 26 + c. What are the prime factors of u?
2, 3, 5
What are the prime factors of 7125/2 - 6/(-12)?
7, 509
Let g be ((0 - 1) + 1)/(12 + -11). Suppose -4*t - 12 = g, -t = -37*p + 35*p + 705. What are the prime factors of p?
3, 13
Let z = 78 + -75. Suppose -c - z*c = 24. Let m(s) = s**2 - s + 7. List the prime factors of m(c).
7
Let m(v) = 4071*v - 4724. List the prime factors of m(16).
2, 11, 13